{"id":20467,"date":"2024-04-15T08:05:02","date_gmt":"2024-04-15T08:05:02","guid":{"rendered":"https:\/\/www.ponteks.hr\/2024\/?post_type=product&#038;p=20467"},"modified":"2024-04-18T08:21:58","modified_gmt":"2024-04-18T08:21:58","slug":"madrac-1-high-resilience","status":"publish","type":"product","link":"https:\/\/www.ponteks.hr\/2024\/product\/madrac-1-high-resilience\/","title":{"rendered":"MADRAC 1 &#8211; High resilience"},"content":{"rendered":"<p><strong>Normativni certifikat kojega izdaje Me\u0111unarodno udru\u017eenje(18 neovisnih tekstilnih ispitnih i istra\u017eiva\u010dkih instituta diljem cijelog svijeta) za istra\u017eivanje i testiranje na podru\u010dju tekstile ekologije Oeko-tex, jam\u010di sigurnost proizvoda, odnosno da nema nikakvih opasnosti po ljudsko zdravlje. Certifikatom koji izdaje cijenjeni institut se regulira koli\u010dina dozvoljenih supstanci i zabranjuje se upotreba \u0161tetnih kancerogenih i alergenih pigmenata i teku\u0107ina, \u0161tetnih u\u010dvr\u0161\u0107iva\u010da i kiselina, klora, kositra i te\u0161kih metala, kiselina i pesticida.<\/strong><\/p>\n<p><strong>Ukratko, potvr\u0111uje da su boje bezopasne za ljudsko zdravlje te da nisu \u0161tetne za udisanje kao ni u direktnom dodiru s ko\u017eom. Sve \u0161to mo\u017ee na\u0161tetiti odraslima i djeci, strogo je zabranjeno i kontrolirano pomo\u0107u ovog me\u0111unarodnog certifikata. Svi proizvodi na\u0161e firme posjeduju ovaj certifikat.<\/strong><\/p>\n","protected":false},"excerpt":{"rendered":"<p>High resilience, odnosno visokoelasti\u010dna pjena ima strukturu otvorenih \u0107elija zbog kojih pru\u017ea prozra\u010dnost i elasti\u010dnost. Osim toga, otporna je na deformacije \u0161to joj omugu\u0107ava du\u017ei vijek trajanja.<\/p>\n<p>Zbog svojstava i strukture madrac HR pru\u017ea zdrav i kvalitetan san. Ukupna visina madraca 21 cm.<\/p>\n<p>-cijene za ostale dimenzije na upit <a href=\"mailto:ponteks@kr.t-com.hr\">ponteks@kr.t-com.hr<\/a><\/p>\n<h6><a href=\"https:\/\/www.ponteks.hr\/wp-content\/uploads\/2018\/11\/poklon.jpg\"><img decoding=\"async\" class=\"size-full wp-image-898 alignleft\" src=\"https:\/\/www.ponteks.hr\/wp-content\/uploads\/2018\/11\/poklon.jpg\" alt=\"\" width=\"127\" height=\"127\" \/><\/a><span lang=\"HR\"> Uz dimenzije: <\/span><span lang=\"HR\"> 80, 90, 100 i 120 poklon 1 jastuk, a za <\/span><span lang=\"HR\">140, 160 i 180 poklon 2 <\/span><span lang=\"HR\">jastuka!<\/span><\/h6>\n<p>&nbsp;<\/p>\n","protected":false},"featured_media":20486,"comment_status":"closed","ping_status":"closed","template":"","meta":{"_acf_changed":false},"product_cat":[196,127],"product_tag":[112,113,128,115,117,106,129,130],"class_list":{"0":"post-20467","1":"product","2":"type-product","3":"status-publish","4":"has-post-thumbnail","6":"product_cat-izdvojeno","7":"product_cat-madraci-zdrav-san-dostupan-svima","8":"product_tag-elasticna-pjena","9":"product_tag-ergonomski-madrac","10":"product_tag-high-resilience","11":"product_tag-madrac","12":"product_tag-oeko-tex","13":"product_tag-prozracan","14":"product_tag-struktura-otvorenih-celija","15":"product_tag-visokoelasticna-pjena","17":"first","18":"instock","19":"taxable","20":"shipping-taxable","21":"purchasable","22":"product-type-variable"},"acf":[],"_links":{"self":[{"href":"https:\/\/www.ponteks.hr\/2024\/wp-json\/wp\/v2\/product\/20467","targetHints":{"allow":["GET"]}}],"collection":[{"href":"https:\/\/www.ponteks.hr\/2024\/wp-json\/wp\/v2\/product"}],"about":[{"href":"https:\/\/www.ponteks.hr\/2024\/wp-json\/wp\/v2\/types\/product"}],"replies":[{"embeddable":true,"href":"https:\/\/www.ponteks.hr\/2024\/wp-json\/wp\/v2\/comments?post=20467"}],"wp:featuredmedia":[{"embeddable":true,"href":"https:\/\/www.ponteks.hr\/2024\/wp-json\/wp\/v2\/media\/20486"}],"wp:attachment":[{"href":"https:\/\/www.ponteks.hr\/2024\/wp-json\/wp\/v2\/media?parent=20467"}],"wp:term":[{"taxonomy":"product_cat","embeddable":true,"href":"https:\/\/www.ponteks.hr\/2024\/wp-json\/wp\/v2\/product_cat?post=20467"},{"taxonomy":"product_tag","embeddable":true,"href":"https:\/\/www.ponteks.hr\/2024\/wp-json\/wp\/v2\/product_tag?post=20467"}],"curies":[{"name":"wp","href":"https:\/\/api.w.org\/{rel}","templated":true}]}}

<p><strong>Normativni certifikat kojega izdaje Međunarodno udruženje(18 neovisnih tekstilnih ispitnih i istraživačkih instituta diljem cijelog svijeta) za istraživanje i testiranje na području tekstile ekologije Oeko-tex, jamči sigurnost proizvoda, odnosno da nema nikakvih opasnosti po ljudsko zdravlje. Certifikatom koji izdaje cijenjeni institut se regulira količina dozvoljenih supstanci i zabranjuje se upotreba štetnih kancerogenih i alergenih pigmenata i tekućina, štetnih učvršćivača i kiselina, klora, kositra i teških metala, kiselina i pesticida.</strong></p>
<p><strong>Ukratko, potvrđuje da su boje bezopasne za ljudsko zdravlje te da nisu štetne za udisanje kao ni u direktnom dodiru s kožom. Sve što može naštetiti odraslima i djeci, strogo je zabranjeno i kontrolirano pomoću ovog međunarodnog certifikata. Svi proizvodi naše firme posjeduju ovaj certifikat.</strong></p>

<p>High resilience, odnosno visokoelastična pjena ima strukturu otvorenih ćelija zbog kojih pruža prozračnost i elastičnost. Osim toga, otporna je na deformacije što joj omugućava duži vijek trajanja.</p>
<p>Zbog svojstava i strukture madrac HR pruža zdrav i kvalitetan san. Ukupna visina madraca 21 cm.</p>
<p>-cijene za ostale dimenzije na upit <a href="mailto:ponteks@kr.t-com.hr">ponteks@kr.t-com.hr</a></p>
<h6><a href="https://www.ponteks.hr/wp-content/uploads/2018/11/poklon.jpg"><img decoding="async" class="size-full wp-image-898 alignleft" src="https://www.ponteks.hr/wp-content/uploads/2018/11/poklon.jpg" alt="" width="127" height="127" /></a><span lang="HR"> Uz dimenzije: </span><span lang="HR"> 80, 90, 100 i 120 poklon 1 jastuk, a za </span><span lang="HR">140, 160 i 180 poklon 2 </span><span lang="HR">jastuka!</span></h6>
<p>&nbsp;</p>
